- 24*d - 128. Is t(-9) a composite number?
True
Suppose -38*p + 634511 = -661745. Suppose -3*z - 170566 = -5*q, q - p = 19*z - 18*z. Is q prime?
False
Let h = 67625 + -34948. Is h a composite number?
True
Let o = -14929 + 203970. Is o composite?
False
Let a = -21 - -15. Let m be (0 - -2)/(a/(-12)). Suppose -m*v + 229 = -67. Is v composite?
True
Is ((-9396978)/24)/(8/224*-7) a prime number?
True
Let h(g) = 900*g**2 + 12*g + 14. Let z = -3 - 1. Let k be h(z). Suppose -13*d + k = -3821. Is d a composite number?
False
Suppose 0 = 4*b - 114581 - 195215. Is b a composite number?
True
Let a = 15320 + 145179. Is a prime?
True
Let w(s) = 120*s**2 + s + 2. Suppose -6*q = x - 3*q - 9, 0 = 4*x + 3*q. Is w(x) prime?
False
Let l = -25750 + 38720. Let i = l - 7053. Is i a composite number?
True
Let f = -498 + 1323. Suppose 2*i - 6*o + 7*o - 1664 = 0, i = 3*o + f. Is i composite?
True
Suppose 0*y = 2*y - 5216. Let f be y/6*42/(-4). Let a = -2597 - f. Is a a prime number?
False
Suppose -40*n = -44*n + 12. Is (-1*263/n)/(1/(-3)) a composite number?
False
Suppose -5*t - 30 = -2*k - 6, -k - 2*t - 6 = 0. Suppose 1 = -p, 13*p = -k*f + 14*p + 70547. Is f a prime number?
False
Let j(u) = 6909*u**3 - 10*u**2 + 24*u - 3. Is j(2) a prime number?
False
Let n(u) = -29*u**2 - 13*u - 8. Let w be n(5). Let b = w - -2092. Is b composite?
True
Suppose 4*v - g - 274848 = 0, 373*v = 378*v + 2*g - 343547. Is v a prime number?
True
Let u(t) = t**2 - 6*t - 5. Let v be u(7). Let c be (-3)/v*(-16)/(-24). Is -4 - -4 - c - (-1033 + 3) composite?
False
Suppose -3*y + f + 559 = -1810, 3 = 3*f. Let v = -511 + y. Let z = v + -16. Is z a composite number?
False
Is (-50)/(-18) + 4/18 + 254710 a composite number?
False
Suppose -5*p = -4*q + 652873, 438*q - 435*q - 489654 = 3*p. Is q a prime number?
False
Suppose 3*y = -4*r + 262517, 71*y - 350016 = 67*y - 4*r. Is y a composite number?
True
Let g be ((-10)/(-8))/(3 + (-92)/32). Suppose -v - 3*z = -0*z + g, 3*v + z = 2. Suppose 5*q = v*r - 2305 + 5662, -2*q + 1330 = -4*r. Is q a composite number?
False
Is -2 + 2/(2/275215) + -12 a composite number?
False
Let w(p) = -9*p**3 + 3*p**2 + 2*p**2 + 5*p + 2 - 4*p**2. Let i(t) = -t**3 - 20*t**2 + 131*t + 147. Let o be i(-25). Is w(o) a prime number?
True
Let g(w) = -3*w**3 - 15*w**2 + 5*w - 8. Suppose 9*v + 24 = 3*v. Let j(q) = 2*q**3 + 14*q**2 - 4*q + 9. Let n(b) = v*g(b) - 5*j(b). Is n(9) a composite number?
True
Let i be (-21040)/3 - (-6)/(-54)*-3. Let u = 18190 + i. Is u composite?
False
Let z(q) be the first derivative of 0*q**2 - 83/4*q**4 - q + 1/3*q**3 + 16. Is z(-1) composite?
False
Suppose 31*t = 35*t. Suppose -x = -3, 0*l - 5*l + 5*x + 85 = t. Is 25280/l + -3*1 a composite number?
True
Suppose -4*n = -12, -318 = -2*j + 4*j - 2*n. Let a = -83 - j. Suppose 3*c - 886 = -a. Is c composite?
False
Let g(w) be the third derivative of -w**6/120 + 29*w**5/60 - 3*w**4/8 + 25*w**3/3 - 10*w**2 + 4. Is g(17) a prime number?
False
Let s = -34 - -35. Let q be (-5)/(-10)*20*s. Suppose 0 = -q*a + 4*a + 258. Is a a prime number?
True
Is (31655 - -2) + 780/65 a composite number?
True
Let m be (-6)/(-18) - (4 + (-29)/3). Suppose 4153 = m*d - 2585. Is d prime?
True
Let s(l) = -3*l - 20. Let j be s(-8). Suppose 0*h - h = -5*i - 15, -h + j*i = -19. Is h a prime number?
False
Suppose -4*g + 4*u + 35378 + 352026 = 0, -387392 = -4*g + u. Is g composite?
False
Let d(s) = -19*s + 40. Let c be d(7). Let u = 113 + c. Suppose -1553 = u*g - 21*g. Is g a composite number?
False
Let n(j) = j**3 + 9*j**2 - 9*j + 14. Let i be (-6)/(-9)*84/(-8) + -3. Let k be n(i). Suppose 0 = k*t - 8313 - 12523. Is t composite?
False
Let i = -938433 + 1777228. Is i composite?
True
Let s(f) = 3845*f**2 - 3*f + 1. Let d be s(1). Suppose 0 = -0*x - x + 5, 2*x = -k + d. Is k a prime number?
True
Let l(f) = -f. Let x(q) = 119*q + 1. Let m(r) = -6*l(r) - x(r). Let w be m(1). Let c = w - -205. Is c composite?
True
Suppose -3*i = n + 372, -2*n + 4*i - 313 = 381. Let m = 1189 + n. Suppose 7*f - 5454 - m = 0. Is f a prime number?
False
Let o be 140/175*(-61970)/4. Let t = o + 56745. Is t prime?
True
Let g = -480 - -3. Let t = 152 - g. Is t a composite number?
True
Let q be 0/(3 + -7) - -1. Let h(k) = -7*k**3 + k**2 + 2*k - 3. Let v be h(q). Let g(f) = -f**3 - 4*f**2 + 4*f - 4. Is g(v) prime?
False
Let u(p) = -p**3 - 8*p**2 - 23*p - 107. Let x be u(-7). Suppose 3*r - x*r - i = -2798, 7025 = 5*r - 5*i. Is r a prime number?
False
Suppose -4*j - f = -1099555, -1540*j - 274885 = -1541*j - 4*f. Is j a prime number?
True
Let i(w) = -w**2 - 8*w + 3. Let z be i(-8). Suppose 10883 = -z*q + 34142. Is q a prime number?
True
Let z = 151 - -82. Let j = 1284 - 1276. Is z/6*48/j a composite number?
False
Let t = 135 + -135. Let u be (t/4 - 1)*(-5 - -1). Is u/(-3) + (-1795)/(-3) a prime number?
False
Let g(b) = -2*b**3 - 32*b**2 - 6*b - 13. Suppose 19*n = 12*n + 420. Let s = -77 + n. Is g(s) a composite number?
True
Let d(v) = 4321*v**3 - 3*v**2 - 4*v + 11. Is d(3) a prime number?
True
Is 982845/129 - 90/(-1935) composite?
True
Let f = 851 - 850. Is (f*12/(-18))/((-2)/46167) a prime number?
False
Let w = -100992 - -206149. Is w prime?
False
Suppose r + 5*d - 48 = -2*r, -3*d = 4*r - 75. Is (-105)/r - (-100)/1 prime?
False
Suppose 4*k + 47750 = 3*y, 5*y - 2*k = -5*k + 79622. Let j = y + -10751. Is j a prime number?
True
Let s(o) = 2774*o**2 + 22*o - 65. Let v(l) = 2*l**3 + 17*l**2 + 5*l + 129. Let g be v(-9). Is s(g) composite?
False
Let w(g) = 13251*g**2 - 15*g - 75. Is w(-4) prime?
False
Let i = 10441 - 6358. Is i a composite number?
True
Suppose 10*m + 8 + 172 = 0. Let a(k) = -k - 7. Let x be a(m). Suppose -x*t - 629 = -5898. Is t a composite number?
False
Let h = 9779 - -1104. Is h a prime number?
True
Suppose -20*r + 5326536 - 869920 = -1248204. Is r composite?
True
Let t be -18 + (6/(-10))/(8/(-40)). Let l be 9/(-15) - 69/t. Suppose -5*u - 1091 = -i + 2035, l*u - 6182 = -2*i. Is i a composite number?
True
Suppose 0 = -5*q - 706 + 4796. Let b = 1005 + q. Is b a prime number?
True
Is (38/1)/(202400/33704 + (0 - 6)) a composite number?
True
Let g(q) = -2*q**3 + 120*q**2 + 122*q + 577. Is g(60) a prime number?
False
Suppose 13*b + 4*h = 12*b + 18, -5*b + 26 = 4*h. Suppose -b*n = 3*f - 387, -3*n = 7 - 16. Is f prime?
True
Let b(m) = 93*m + 17 + 3 + 22 + 5. Is b(8) composite?
True
Let r(d) = 3*d**3 - 8*d**2 - 2*d. Let f be r(3). Suppose 5*y + 4*p - 42517 = p, f*p = 12. Is y a prime number?
True
Let t(w) = 193020*w**3 - 2*w**2 - 5*w + 6. Is t(1) a composite number?
True
Let k(b) be the second derivative of -b**5/20 + 11*b**4/12 - 3*b**3/2 - 6*b**2 + 2*b. Let y be k(10). Is 2059 + -2 - (y + (3 - 3)) a prime number?
False
Is (-15921252)/(-144)*(-4)/(-3) a prime number?
True
Let h(o) = 86*o**2 + 14*o + 127. Let q be 15/12 + 59/4. Is h(q) composite?
False
Suppose 203679 = 5*m + 4*s, s + 150710 = 5*m - 52989. Is m a prime number?
True
Let i(h) = 207*h**2 + 76*h - 734. Is i(9) prime?
False
Let t = 853 - -789. Suppose -10*q + 2*o + t = -8*q, -4105 = -5*q - 2*o. Is q a composite number?
False
Let w(z) be the first derivative of -z**3/3 - 115*z**2/2 - 291*z + 165. Is w(-50) prime?
False
Let n(a) = 3079*a**2 + 80*a + 70. Is n(-9) a composite number?
False
Let y(p) = 3*p - 156. Let j be y(-14). Let t = -7 - j. Is t a prime number?
True
Let u be (243/(-135))/((-2)/50). Suppose -u*l = -44*l - 493. Is l prime?
False
Suppose -a + 1371 = -2*j, -4108 = -3*a - 10*j + 15*j. Let o(u) = 1188*u**2 - 4*u + 2. Let c be o(2). Suppose 5*z + a = c. Is z a prime number?
True
Let u be ((-12)/(-10))/((-33)/(-55)). Suppose -96*k = -99*k - d + 7282, 12135 = 5*k + u*d. Is k a composite number?
True
Let u(o) = 376*o**2 - 70*o - 15. Is u(19) composite?
True
Is (-3)/(-10) + (-8397646)/(-580) prime?
True
Suppose 4*n + 11 - 99 = -4*l, -3*n - 5*l = -70. Is -2 + -49*(-5)/(n/12) a prime number?
False
Is 78041 - (-6 - (-56)/14) prime?
False
Suppose 4*b + 0*y + y - 19 = 0, -4*b = -5*y - 1. Let m(i) = 281*i - 23. Is m(b) a composite number?
True
Suppose -2*r - 3*d + 207019 = -6*d, -4*d = -3*r + 310529. Is r a prime number?
True
Is -4 + (-7184835)/(-20) + (-15 - 399/(-28)) composite?
True
Let w = -15 + 18. Suppose -6*z = -5*p - 4*z + 10, 0 = z. Suppose 2*o + p*o + 23621 = 5*i, 14151 = w*i + 3*o. Is i a composite